(-2 - 18) + 8.
-11
Evaluate (28 - 30) + (-7 - -1 - (11 - 12)).
-7
What is -1 - (-4 + -7 + 8)?
2
Evaluate -21 + (112 + -40 - 31).
20
Evaluate 23 + -43 + 21 + (-11 - -1).
-9
Evaluate 17 + -21 + -15 + 38.
19
Evaluate -74 + 77 - (2 - (1 + -2 + -3)).
-3
What is the value of -8 + (39 + -35 - 8)?
-12
Calculate -35 + (-80 - -36) - -40.
-39
What is -14 - (-1 + -3 + -6)?
-4
Evaluate (-2 + 2 - 2) + (-24 - (2 + -33)).
5
What is 29 + (1 + 5 - (-91 - -88))?
38
-7 + 23 + -14 - (8 - 0) - -1
-5
Evaluate -73 - (-34 + -7) - -70.
38
Evaluate -2 + (-3 + 5 - (23 + -14)) - -3.
-6
Calculate -77 + 37 + (-4 - (-9 + -6)).
-29
What is 2 + -1 + -37 + -5 + -8 + 23?
-26
Evaluate -3 - -3 - (5 + 0 + -7 + 2).
0
What is (1097 - 1074) + (1 - (14 + 0))?
10
-7 + 5 + -1 + (7 + -21 - -16)
-1
Evaluate -6 + -1 + (2 - -5 - 20 - -13).
-7
Calculate (-18 - -14) + -1 + 15 + 2 + 3.
15
Calculate -8 + 4 + 13 - -4.
13
Calculate (-12 - -11) + -24 + 7 - 1.
-19
Evaluate -1 - -12 - (-14 - 0 - -1).
24
Calculate (-3 + -10 - -48) + -66.
-31
What is the value of -11 + (2 - -56) + -23?
24
What is the value of 13 + -9 + 19 + -19?
4
(-2 - -5) + -29 - (9 - (5 - -8))
-22
What is -11 - -17 - 24 - 7?
-25
What is the value of (-8 - (1 - 2)) + (1667 - 1651)?
9
Calculate -10 + (-13 - (-35 - -10)).
2
What is 5 - (-4 + -7 + 15 - -1)?
0
What is the value of -23 - (-33 - -10 - 15)?
15
0 + (6 - 3) - 4 - (8 + -11)
2
Calculate (-38 - -15 - -15) + 21.
13
What is the value of (-4 - -15) + 0 - (-17 + 36 - 16)?
8
What is the value of 67 + -45 - (6 + 2 - (1 + -4))?
11
Calculate -31 + (29 - 12) + (-2 - -6).
-10
What is the value of -2 + -7 + 10 + 10 + -2 - 18?
-9
-9 - (-6 - 14) - (-20 + -2 + 3)
30
Evaluate 0 + 2 + 10 + 10.
22
Calculate -2 + (-8 - (-10 - (-9 - -23))).
14
Calculate -8 - (0 + 13 - 33).
12
(4 - 39) + 128 + -108
-15
What is 10 - (-4 + (-26 - -11) - -6)?
23
What is -12 - (9 + (-5 - -8) + -5)?
-19
What is 11 + (-40 - -14) - -7?
-8
Evaluate 10 + (10 - 8) - (-27 + 18) - -9.
30
What is the value of 33 + -26 + (-56 - -48)?
-1
Evaluate 4 + (-17 + 40 - 35).
-8
What is the value of (8 + -1 - 5) + -1 + 15 + -5?
11
Calculate 5 - -12 - 20 - -1.
-2
Calculate -8 - (-50 + 23 - -25).
-6
0 + 5 + 0 - (-390 - -389)
6
Evaluate 4 + -24 + 23 + -9.
-6
What is the value of (-2 + 20 - -2) + 265 + -267?
18
Evaluate 1 + (20 - (-7 - -34)) - (-9 - -1).
2
1 + (-4 + 1 - -6 - 7) + 9
6
What is the value of -10 - (-25 + 18 - (5 - -1))?
3
What is -1 - (12 + -4 + -2 + -25)?
18
12 - (3 - 11 - (-16 - (-23 - -11)))
16
Calculate 16 + (23 - 23) + -33.
-17
What is -2 - -9 - (-156 + 164)?
-1
What is the value of (-13 - -34) + -16 + 8?
13
-28 - (-20 + -10 + 17)
-15
What is (21 - 7 - 16) + (14 - -1)?
13
What is the value of (-4 - -14) + 9 + (-8 - -15)?
26
Evaluate -6 + 6 + (3 - -3) + 8.
14
-16 + 16 - (19 + (-4 - 0))
-15
What is the value of 1 - -1 - (-21 + 8)?
15
Evaluate 30 + 14 + -12 + -13.
19
What is the value of (-6 - -9) + -6 + -5 - (-2 + -4)?
-2
Calculate -2 + 16 - 16 - -18.
16
What is the value of -21 - (25 + -58 + 30)?
-18
Calculate (33 - (3 - -20)) + -2.
8
(60 - 27) + -29 + 6
10
Calculate 27 - (1 - -3) - (-1 - (3 + -9)).
18
-196 + 153 - (3 + -24)
-22
Evaluate -16 - (17 - 38 - 15).
20
What is the value of 7 - (3 - ((4 + -25 - -10) + 44))?
37
What is -4 + 4 + 3 + (-19 - 6)?
-22
(-11 - 4) + (11 - -12)
8
(-36 - -42 - (5 - 2 - -5)) + 8
6
-5 - (-8 + 3) - (2 + -6)
4
What is the value of -17 + 23 - 30 - -12?
-12
What is 33 + -49 + (0 - 5) + -5 + 8?
-18
What is the value of -10 + 22 + (9 - 13)?
8
Evaluate -2 + (0 - 0) - 0 - (-3 - 4).
5
What is -1 + 14 + -15 + 34 + -25?
7
Evaluate 2 + -1 - 16 - (130 + -133).
-12
What is the value of -2 - ((-5 + -4 - -19) + -8) - -31?
27
What is -30 + (-2 - 2 - -18) + -7 + -4?
-27
Evaluate (-12 - ((-10 - 0) + 17)) + 7.
-12
What is the value of 40 - 20 - (28 + -8)?
0
What is -5 + 0 - (-3 + 5 + (-7 - -2))?
-2
Evaluate 1 + -6 + (43 - 32) - 7.
-1
What is 29 + 6 + -70 + 9?
-26
What is the value of (1 - 2) + (0 - ((2 - 3) + 4))?
-4
Calculate -30 + (3 - -29) - (-1 - 0).
3
What is the value of 3 - (4 + (-6 - -12) + (-4 - 1))?
-2
What is -242 + 250 + 0 + 0 + -10?
-2
Evaluate (-73 - -47) + 0 + 4 + 0.
-22
What is the value of -92 + 74 - (1 - -20) - -19?
-20
Calculate -14 + (13 - 33 - -27).
-7
Evaluate 18 - (-3 - (-3 - 5 - -16)).
29
-15 + 3 + 33 - 11 - 2
8
Calculate (1 - -13) + (2 - (10 + (-8 - -6))).
8
1 - 3 - -3 - (23 - 8) - -5
-9
What is the value of (-3 - -4) + (3 - (14 - 3 - 10))?
3
Evaluate 0 + -4 + 6 - 3 - (1 + 0).
-2
What is the value of (362 - 363) + (2 - 4 - (2 + 4))?
-9
What is the value of 18 + (15 - 22) + 7?
18
Evaluate (0 - -22) + -12 - 14.
-4
What is the value of 12 - (-13 - (-2 - 12))?
11
What is the value of -9 + (6 - (0 + 8 + -6)) + -8?
-13
What is the value of (-30 + 43 - 4) + -5?
4
What is -11 + -6 + (3 - -6) + -6?
-14
What is (-24 - 5) + 32 + -16?
-13
Evaluate 26 + -28 + 4 + (10 - (-3 - -4)).
11
3 + 7 - (-5 + 18 + -24 - -2)
19
Calculate 10 - (47 + -28) - (1 + 1).
-11
(-22 - (-4 - 4)) + 33
19
Evaluate 2 + -30 - (-93 + 76).
-11
Calculate (-5 - 9 - 5) + 12.
-7
What is -7 - ((5 - 10) + 15 + 3) - -2?
-18
Evaluate -448 - -459 - (-1 + 13).
-1
-12 + 17 - ((3 - 5) + (0 - -6))
1
Evaluate -5 - 1 - (-1 + -8).
3
6 + 1 + (-6 - -4) + 2
7
12 - (8 + 8 - 10)
6
What is the value of 14 - ((-20 + 1 - -5) + 16)?
12
Calculate 4 + 3 - (-21 - -47).
-19
Evaluate -70 + 89 + 0 + -25.
-6
10 - ((-20 - -23) + -7)
14
Calculate -42 + (10 - (6 + (-20 - -6))).
-24
What is (1 - -1) + (-10 - (16 - 26)) - -2?
4
What is the value of (-11 - (-1 - 11)) + 7 + (-1 - 2)?
5
What is the value of 6 + (1 + 1 - (28 + -19)) + 1?
0
Calculate 8 - (-4 - (9 + -2 + -4 + 2)).
17
What is -4 + (1 - 1) - (29 + -5 + -19)?
-9
Evaluate (-1 + -1 - -5) + (-26 - -17 - 8).
-14
Evaluate -4 + (-17 - (-16 - 17)).
12
What is -9 + (-6 - 2) + 7?
-10
Evaluate -36 + 22 + 27 - ((2 - 1) + 4).
8
Calculate -1 - (-1 + -9 + 16 + -9).
2
What is -51 - (-52 - 12) - (-4 - 1)?
18
What is the value of 6 - 4 - (18 - 9) - -29?
22
Evaluate 20 - 16 - (2 - 4) - 4 - -1.
3
5 - (5 - (0 - (-3 - 5)))
8
Calculate 5 + (3 - -6 - 6) + -6.
2
Evaluate -40 + 26 - (3 - (-5 - -14)).
-8
What is -3 + -3 + 25 - 5?
14
What is -10 + (-3 - -8) + (-10 - -31 - 7)?
9
What is -2 - -2 - (7 + (3 - 10))?
0
Evaluate (19 - 56) + 19 - (3 + (2 - 13)).
-10
Evaluate 5 - 33 - (-22 - 0).
-6
What is (6 - (-7 + 0 - (30 - 34))) + -3?
6
What is the value of -11 + 7 - (1 - (3 + -8))?
-10
Evaluate -3 - (12 + 9 + -18).
-6
Calculate 5 + (0 - (-1 - -11)) - -17.
12
-5 + (8 - 1) + -8 + -2 + 1
-7
Evaluate -20 + (7 - (-4 - -4)).
-13
What is the value of 18 + (-10 + 12 - (9 + 0 + -3))?
14
What is 8 - (-4 - (-8 + -2))?
2
Calculate (3 - 3 - -5) + (-27 - -17).
-5
Evaluate 14 + 7 - (58 - 18).
-19
83 - (-23 + 93) - (27 - 1)
-13
What is -24 + -22 + (-29 - -39)?
-36
Calculate -13 - (23 + -29 + (-2 - 1) + 11).
-15
Calculate 50 + (-2 + -20 - -7).
35
What is -16 - (2 + -3) - (-292 - -290)?
-13
(-24 - -2) + 2 - (-691 + 660)
11
Evaluate (0 - (1 - -1)) + (-6 - -12 - 15).
-11
What is the value of -20 - -1 - (-3 - -22 - 35)?
-3
-9 - (-29 + -11 + 14 + 6)
11
What is the value of 7 - (29 - 31) - (-2 - -11)?
0
Evaluate 4 + -4 + -6 - (-57 + 25).
26
Evaluate (-5 - (-2 + -10)) + 0 + -2.
5
What is -24 - (20 + -49 + 15)?
-10
What is the value of 3 + (-20 - -18) + 10?
11
Evaluate 6 + -30 - -22 - -8.
6
What is (2 - 2) + (-15 - -13) - 10 - -6?
-6
What is (-1 - (11 + -8)) + 1 - (-30 - 10)?
37
Calculate 2 + (-5 - -12 - (10 + (-4 - 2))).
5
(-9 - (6 + -22)) + 2 + 0
9
Calculate 1 - -43 - (175 - 92).
-39
Evaluate -7 + 7 + -5 - -17 - 5.
7
(-2 - (7 - 2)) + 19 + (-29 - -10)
-7
Evaluate (11 - 0) + -9 + 7 + -7 + 9.
11
What is the value of (1 - (13 + 1)) + 15 + -42 + 33?
-7
What is 8 + 0 + (-82 - -70) - -7?
3
Evaluate -4 + 31 + (-40 - 6).
-19
-2 + (9 - 12) + 3 + 0 + -1
-3
(11 - -5 - 38) + -9 + 8
-23
15 - (14 - (2 - -2))
5
Evaluate 5 + -3 + (7 - -8) + 4 + -15.
6
Evaluate (3 - (0 - 2) - (23 - 19)) + -5.
-4
(-3 - (14 - 8)) + 17 + -11
-3
Evaluate -4 - (-2 + 10 + -13 + 17).
-16
What is the value of -61 + 67 + (-1 - 2 - -1) - 14?
-10
What is the value of -1 + -3 + 2 - (82 - 41 - 23)?
-20
Evaluate (2 - (-1 - (5 - 7))) + -4.
-3
-756 + 778 - (2 - -40)
-20
Calculate (-7 + 14 - (-4 + 4 + 8)) + -21.
-22
(-5 + 2 - -17) + -130 + 118
2
What is (30 - 31) + (-1 - 2)?
-4
(-48 - -29) + 23 + (0 - 1) + -5
-